 21*h. Determine c(h).
8
Let t(r) be the second derivative of r**6/120 - 5*r**3/6 - r**2 + r. Let j(s) be the first derivative of t(s). Give j(0).
-5
Let u(h) = -2*h**2 + 4*h - 2. Suppose -2*c - 2*m - 30 = 0, 0 = 3*c + 4*m + m + 43. Let i = 19 + c. Give u(i).
-8
Let z(r) = 5*r**3 + r**2 + r + 1. Let v be z(-1). Let l(w) be the second derivative of w**4/12 + 2*w**3/3 - 2*w**2 + 9022*w. Calculate l(v).
-4
Let j(s) be the second derivative of s**3/6 - 4*s**2 - 34*s. Calculate j(6).
-2
Let l(c) = -c**3 + c**2 - 6. Suppose 0 = -5*g + 4*n + 20, 15 + 0 = 3*g - 3*n. Let k be l(g). Let o(z) = 2 + 42*z - 1 + 3 + 25*z - 64*z. Calculate o(k).
-14
Suppose -5*i = -4*m + 14, -3*m = 5*i + 6 + 1. Let c(w) = w + 11. Calculate c(i).
9
Let k(a) = 6 + 4 - 9*a - 10. Determine k(3).
-27
Let x(b) = -2*b**3 - 3*b**2 - 2*b - 1. Let k = -20 - -18. Let i be 3 + 6 + k + -9. Calculate x(i).
7
Let h = 41 + -26. Let g(s) = 13*s - h - s**2 - 12*s - 2*s**2 + 4*s**2. What is g(0)?
-15
Let z(h) be the first derivative of -7*h**3/3 + 3*h**2/2 + 3*h + 68. Calculate z(-2).
-31
Let x(l) = -5*l**2 + 8*l - 3. Let c(j) = 4*j**2 - 7*j + 3. Let w(m) = -4*c(m) - 3*x(m). Let p(t) = -t**3 + 3*t**2 + 2*t - 6. Let d be p(2). Calculate w(d).
1
Let a = -46 + 43. Let d(p) = 3*p**2 - 9*p + 2. Let c(b) = -8*b**2 + 26*b - 5. Let i(m) = 4*c(m) + 11*d(m). Give i(a).
-4
Let q(u) = -2*u**2 - 15*u + 12. Let h(j) = j**2 + 6*j + 13. Let k be h(-4). Let i(x) = x**2 + 10*x - 8. Let t(p) = k*q(p) + 8*i(p). What is t(3)?
-7
Let v(d) be the third derivative of 0*d + 0 - 1/60*d**5 + 1/6*d**4 + 30*d**2 + 1/2*d**3. What is v(3)?
6
Let d(k) = -3. Let n be (-5)/2*(-6)/(-5). Let a(g) = g - 4. Let f(u) = n*d(u) + 2*a(u). Suppose 0 = h - 2*z - 1, 3*h - z = z - 1. Give f(h).
-1
Let b(t) be the first derivative of t**3/3 - 5*t**2/2 + 560. Let n = 12 + -8. Let s be b(n). Let d(l) = l - 4. Give d(s).
-8
Let b(u) = -u + 4. Suppose 0 = 15*z - 19*z + 28. What is b(z)?
-3
Suppose 4*n + 6 = 3*f, -12 = n - 4*f - 4. Let x(d) be the second derivative of -d**3/6 - d**2 - 16*d - 3. Determine x(n).
-2
Let m(f) be the first derivative of -f + 0*f**2 - 3 - 1/3*f**3. Let y be 3/(-2)*12/9. Give m(y).
-5
Let b(c) = c + 5. Let q be -4 + 1 + 2*-1. Let n be b(q). Suppose -k + 8 = -5*z - 13, 3*z - k + 13 = n. Let m(g) = 2*g + 4. Determine m(z).
-4
Let d = -32 + 166. Let a = d + -59. Let o be (6/5)/((-30)/a). Let z(c) = c - 1. Calculate z(o).
-4
Suppose 5*c = -5*s + 15, s - 2 = 2*c - 8. Let t(n) be the first derivative of -n**2 + n - 32. What is t(c)?
-5
Let w(r) = 3*r + 5. Let m(p) = -p**2 + 61*p - 425. Let q be m(8). Calculate w(q).
2
Let s(d) = -d**3 + 11*d**2 + 12*d + 4. Let o be s(12). Let u(j) = -6 - 5*j + 3*j + o. Suppose k + 3 = -2. Determine u(k).
8
Suppose 0 = -2*v + 101 - 97. Let t(c) = 10*c**2 - 3*c + 3. Give t(v).
37
Let r(j) = -44*j**2 + 89*j**2 - 34*j**2 - j. Give r(1).
10
Let u(v) = -4*v**3 + v**2 - 1. Let i = 13 - 20. Let r = i - -11. Suppose -1 = r*s - 3*s. What is u(s)?
4
Let l(g) be the second derivative of g**4/12 - 2*g**3/3 + 3*g**2 + 52*g. Determine l(3).
3
Suppose 11*l = -2*l + 13. Let f(y) = 4*y**3 - 2*y**2 + 1. Let h be f(l). Let v(w) = -8*w + 2. Determine v(h).
-22
Let p = -24 + 33. Let j(v) = 5*v - 4 - p + v - 4*v. Calculate j(9).
5
Let p = -82 + 82. Let u(c) = 4*c - c + p*c - 2*c + 4. Determine u(3).
7
Let d be ((-5)/2)/(22/(-88)). Suppose d*f - 7 = -17. Let y(r) = -8*r**2 - r. Calculate y(f).
-7
Let h(b) = -b**2 + 3*b + 4. Suppose -a = -3*a + 848. Let v be a/36 - (-6)/27. Suppose 2*p + v = 5*p. What is h(p)?
0
Let h(n) = 21 - 4*n**2 - 3 - 4*n**2 - 2*n + 17*n**2 - 2*n**2 - n**3. Calculate h(7).
4
Let o(k) = -48*k + 1 + 123*k - 54*k. Give o(-1).
-20
Let v(d) be the third derivative of 1/30*d**5 + 1/12*d**4 + 0*d - 1/6*d**3 + 14*d**2 + 0. Calculate v(1).
3
Let t(a) = 3*a**2 - 4*a + 4. Let p(d) = -d**2 - 7*d - 9. Let y be p(-3). Determine t(y).
19
Let j(y) = -y**2 + 9*y + 17. Let b be (14 + 1)*(-5)/(-60)*8. Give j(b).
7
Let d(c) = c**3 - 3*c**2 - 2*c - 6. Let z(i) = 2*i**3 - 7*i**2 - 5*i - 12. Let f(h) = -7*d(h) + 3*z(h). Calculate f(2).
-4
Let f(o) = -o**2 - 5*o - 4. Let l = 11 + -18. Let c be (-7)/l + (-11 - -1). Let k = 5 + c. Calculate f(k).
0
Let z(n) be the first derivative of n**3/3 - n**2/2 - 6*n + 129. Give z(0).
-6
Let u(b) = b**2 - b - 4. Let w be 25 - ((-2)/(-1) - -1). Suppose -418 - w = -4*c. Let t be c/(-33)*(-6)/5. Give u(t).
8
Let x = -136 + 145. Let o(q) = -q**3 + 10*q**2 - 7*q - 12. Calculate o(x).
6
Let w(q) = -4*q**3 - 3 - 3 + 5*q**2 + 5*q + 1 + 1. Let u(x) = -3*x**3 + 5*x**2 + 4*x - 3. Let j(p) = -3*u(p) + 2*w(p). What is j(5)?
-9
Let r(l) = 2*l - 7. Let i(f) = -f - 2. Let k = -15 - -27. Suppose -37 = 4*x - 3*p, -2*x + 5*p - 17 = k. Let m be i(x). Calculate r(m).
3
Let k(v) = 7*v**2 - 6*v + 10. Let b be k(3). Let y(q) = 25 + q**2 - 3*q + 26 + 2*q - b. Determine y(4).
8
Let d = 882 + -884. Let o(y) = -y**2 + y - 1. What is o(d)?
-7
Let t(z) = -10*z - 10*z - 3 - 12*z - 7*z + 32*z. Give t(3).
-24
Let v(y) = y**2 + 10*y - 16. Suppose 2*j + 5*k + 24 = 0, -2*k + 5*k = 3*j + 36. Determine v(j).
8
Let j(k) = k**3 - 4*k**2 - 14. Let i(u) = -6*u**3 + 19*u**2 - u + 70. Let l(o) = 2*i(o) + 11*j(o). Let x be l(-6). Let s(z) = z**3 + 3*z**2. Calculate s(x).
4
Suppose -5 - 25 = -5*c. Let d(o) = -1 - 6*o - c + 5*o. Determine d(0).
-7
Let u(i) = 3*i**2 + i - 4. Let c(f) = 2*f**2 + 3*f - 6. Let d(w) = -4*c(w) + 3*u(w). Give d(7).
-2
Let i(h) = 21*h + 13. Let o(z) = 72*z + 39. Let y(r) = 7*i(r) - 2*o(r). Calculate y(-11).
-20
Let v(k) be the third derivative of -k**7/840 - k**6/360 + k**5/40 + k**4/6 - 4*k**3/3 + 6*k**2. Let p(z) be the first derivative of v(z). Determine p(-3).
13
Let q(b) be the third derivative of b**5/60 - b**4/4 - 2*b**3 + 240*b**2. Give q(8).
4
Let v(t) = -t + 9. Let s be (-4)/(40/(-395))*(-4)/(-2). Suppose -4*w - s + 47 = 0. Give v(w).
17
Let z(x) be the first derivative of x**3/3 + 3*x**2 + 4*x - 2. Let h(b) = -2*b. Suppose 0*c = 4*c - 4, 0 = -5*s + 5*c + 10. Let a be h(s). What is z(a)?
4
Let w(t) = 756 + 764 - 9*t - t**2 - 1527. What is w(-8)?
1
Let x(t) be the second derivative of 33*t**5/20 + t**4/12 + t**3/6 - 59*t - 2. What is x(-1)?
-33
Let r(m) be the third derivative of -m**3/2 + 3*m**2. Let w(x) = x + 6. Let c(i) = -5*r(i) - 2*w(i). Let t be (-21)/(-4) - -3*(-5)/60. Determine c(t).
-7
Suppose 4*a + 16 = 4*t, -a - 13 = a - 3*t. Let g(u) = 17*u**2 - 1. Give g(a).
16
Let v(w) = -w + 4. Let c be v(-4). Suppose -3*f + c*f = -25. Let d(o) = -o**2 - 5*o + 4. What is d(f)?
4
Suppose 0 = -d + 1, 0 = g + 3*d - 7*d + 6. Let i(b) = 7*b**3 - b**2 - 1. Let o(x) = -14*x**3 + 2*x**2 - x + 2. Let t(f) = g*o(f) - 5*i(f). Calculate t(-1).
7
Let s(b) = -b**2 + 4*b + 5. Suppose 3*k = -3*m + 225, 0*m + 4*m + 162 = 2*k. Let l be (-2)/(-7) + 286/k. Calculate s(l).
5
Suppose 10*b - 66 = 14. Let j(h) = -h**2 + 12*h - 8. Determine j(b).
24
Let t(h) be the third derivative of h**7/280 + h**6/720 + h**4/24 + 25*h**3/6 + 3*h**2 - 7*h. Let m(g) be the second derivative of t(g). Determine m(-1).
8
Let m(r) = -r**2 - r + 2. Let y(f) = 6*f**2 - f**2 - 4*f + 0 + 2 + f. Let h be y(1). Suppose -h*v - 2*j + 10 = -3*v, -3*j = v - 15. Give m(v).
2
Suppose 1 + 5 = -3*i. Let t(k) = k - 2. Let z(r) = 3*r - 6. Let u(c) = 8*t(c) - 3*z(c). Calculate u(i).
4
Let i(j) = -j**2 - 7*j + 2. Let p(q) = 24*q + 4. Let u be p(-2). Let v = -49 - u. Determine i(v).
12
Let n(b) = b**2 + 2*b. Suppose 0 = -39*v - 4*v + 129. Give n(v).
15
Let v(w) = 20*w**3 - w**2 - 3*w - 3. Let f(u) = -u - 1. Let z(r) = -2*f(r) + v(r). Give z(-1).
-21
Let g(n) = 2*n**2 - 2*n + 1. Let y(w) = -w**2 + 4*w + 9. Let c be y(5). Suppose i = 6*i - 10, -5*f - c*i = -13. Give g(f).
1
Suppose 29*x - 4 = 27*x. Let v(w) = -6*w**x - 3 + w**3 + 20*w - w**2 - 16*w. Determine v(6).
-15
Let p(v) = -v**2 - 7*v - 5. Let y be (20/45)/((-4)/(-18)). Let s be (-9 - 1)/(4/y). What is p(s)?
5
Let o(y) = y**2 - 5. Let l be (-60)/(-24) - 2/(-4). Suppose l*d + 1 - 13 = 0. Suppose 0 = r - d*k, -2*r - k = -r. Give o(r).
-5
Let z(f) be the second derivative of f**6/360 + f**5/120 - f**4/2 + f. Let n(q) be the third derivative of z(q). Calculate n(3).
7
Let p be 0*(0 - 1) - 0. Let k(f) = 0*f + p*f - f + 1 + 0. Let h be k(-3). Let l(j) = j**3 - 4*j**2 + j + 2. What is l(h)?
6
Let w(m) 